{"id":365,"date":"2014-09-29T11:01:43","date_gmt":"2014-09-29T10:01:43","guid":{"rendered":"http:\/\/www.anne-dasilva.com\/?page_id=365"},"modified":"2022-02-21T16:01:59","modified_gmt":"2022-02-21T15:01:59","slug":"a-louer","status":"publish","type":"page","link":"https:\/\/www.anne-dasilva.com\/?page_id=365","title":{"rendered":"\u00e0 louer"},"content":{"rendered":"<p><a href=\"https:\/\/www.anne-dasilva.com\/wp-content\/uploads\/monteuil__fini__pdf.pdf\"><strong>\u00e0 louer montreuil<\/strong><\/a><\/p>\n<p>livre d&rsquo;artiste tir\u00e9s \u00e0 50 exemplaires distribu\u00e9s dans les boites aux lettres du lotissement \u00e0 Montreuil Le Gast<\/p>\n<p>Avril 2008<\/p>\n","protected":false},"excerpt":{"rendered":"<p>\u00e0 louer montreuil livre d&rsquo;artiste tir\u00e9s \u00e0 50 exemplaires distribu\u00e9s dans les boites aux lettres du lotissement \u00e0 Montreuil Le Gast Avril 2008<\/p>\n","protected":false},"author":1,"featured_media":0,"parent":362,"menu_order":0,"comment_status":"closed","ping_status":"closed","template":"","meta":{"footnotes":""},"class_list":["post-365","page","type-page","status-publish","hentry"],"_links":{"self":[{"href":"https:\/\/www.anne-dasilva.com\/index.php?rest_route=\/wp\/v2\/pages\/365","targetHints":{"allow":["GET"]}}],"collection":[{"href":"https:\/\/www.anne-dasilva.com\/index.php?rest_route=\/wp\/v2\/pages"}],"about":[{"href":"https:\/\/www.anne-dasilva.com\/index.php?rest_route=\/wp\/v2\/types\/page"}],"author":[{"embeddable":true,"href":"https:\/\/www.anne-dasilva.com\/index.php?rest_route=\/wp\/v2\/users\/1"}],"replies":[{"embeddable":true,"href":"https:\/\/www.anne-dasilva.com\/index.php?rest_route=%2Fwp%2Fv2%2Fcomments&post=365"}],"version-history":[{"count":4,"href":"https:\/\/www.anne-dasilva.com\/index.php?rest_route=\/wp\/v2\/pages\/365\/revisions"}],"predecessor-version":[{"id":1637,"href":"https:\/\/www.anne-dasilva.com\/index.php?rest_route=\/wp\/v2\/pages\/365\/revisions\/1637"}],"up":[{"embeddable":true,"href":"https:\/\/www.anne-dasilva.com\/index.php?rest_route=\/wp\/v2\/pages\/362"}],"wp:attachment":[{"href":"https:\/\/www.anne-dasilva.com\/index.php?rest_route=%2Fwp%2Fv2%2Fmedia&parent=365"}],"curies":[{"name":"wp","href":"https:\/\/api.w.org\/{rel}","templated":true}]}}