{"id":2347,"date":"2026-02-20T18:24:46","date_gmt":"2026-02-20T17:24:46","guid":{"rendered":"https:\/\/www.anne-dasilva.com\/?page_id=2347"},"modified":"2026-02-20T18:24:46","modified_gmt":"2026-02-20T17:24:46","slug":"la-nuit-des-forets-traon-nevez","status":"publish","type":"page","link":"https:\/\/www.anne-dasilva.com\/?page_id=2347","title":{"rendered":"La nuit des for\u00eats &#8211; Traon Nevez"},"content":{"rendered":"<div  id=\"jtg-2346\" class=\"modula modula-gallery modula-columns\" data-config=\"{&quot;tabletHeight&quot;:800,&quot;mobileHeight&quot;:800,&quot;desktopHeight&quot;:800,&quot;enableTwitter&quot;:false,&quot;enableWhatsapp&quot;:false,&quot;enableFacebook&quot;:false,&quot;enablePinterest&quot;:false,&quot;enableLinkedin&quot;:false,&quot;enableEmail&quot;:false,&quot;randomFactor&quot;:0.5,&quot;type&quot;:&quot;grid&quot;,&quot;columns&quot;:12,&quot;gutter&quot;:10,&quot;mobileGutter&quot;:10,&quot;tabletGutter&quot;:10,&quot;desktopGutter&quot;:10,&quot;enableResponsive&quot;:true,&quot;tabletColumns&quot;:2,&quot;mobileColumns&quot;:1,&quot;lazyLoad&quot;:0,&quot;lightboxOpts&quot;:{&quot;animated&quot;:true,&quot;Thumbs&quot;:{&quot;type&quot;:&quot;modern&quot;,&quot;showOnStart&quot;:false},&quot;Toolbar&quot;:{&quot;display&quot;:{&quot;right&quot;:[&quot;close&quot;]},&quot;enabled&quot;:true},&quot;Carousel&quot;:{&quot;Panzoom&quot;:{&quot;touch&quot;:true},&quot;infinite&quot;:false},&quot;keyboard&quot;:{&quot;Escape&quot;:&quot;close&quot;,&quot;Delete&quot;:&quot;close&quot;,&quot;Backspace&quot;:&quot;close&quot;,&quot;PageUp&quot;:false,&quot;PageDown&quot;:false,&quot;ArrowUp&quot;:false,&quot;ArrowDown&quot;:false,&quot;ArrowRight&quot;:false,&quot;ArrowLeft&quot;:false},&quot;touch&quot;:false,&quot;backdropClick&quot;:false,&quot;l10n&quot;:{&quot;CLOSE&quot;:&quot;Close&quot;,&quot;NEXT&quot;:&quot;Next&quot;,&quot;PREV&quot;:&quot;Previous&quot;,&quot;Error&quot;:&quot;The requested content cannot be loaded. Please try again later.&quot;,&quot;PLAY_START&quot;:&quot;Start slideshow&quot;,&quot;PLAY_STOP&quot;:&quot;Pause slideshow&quot;,&quot;FULL_SCREEN&quot;:&quot;Full screen&quot;,&quot;THUMBS&quot;:&quot;Thumbnails&quot;,&quot;DOWNLOAD&quot;:&quot;Download&quot;,&quot;SHARE&quot;:&quot;Share&quot;,&quot;ZOOM&quot;:&quot;Zoom&quot;,&quot;EMAIL&quot;:&quot;Here is the link to the image : %%image_link%% and this is the link to the gallery : %%gallery_link%%&quot;,&quot;MODAL&quot;:&quot;You can close this modal content with the ESC key&quot;,&quot;ERROR&quot;:&quot;Something Went Wrong, Please Try Again Later&quot;,&quot;IMAGE_ERROR&quot;:&quot;Image Not Found&quot;,&quot;ELEMENT_NOT_FOUND&quot;:&quot;HTML Element Not Found&quot;,&quot;AJAX_NOT_FOUND&quot;:&quot;Error Loading AJAX : Not Found&quot;,&quot;AJAX_FORBIDDEN&quot;:&quot;Error Loading AJAX : Forbidden&quot;,&quot;IFRAME_ERROR&quot;:&quot;Error Loading Page&quot;,&quot;TOGGLE_ZOOM&quot;:&quot;Toggle zoom level&quot;,&quot;TOGGLE_THUMBS&quot;:&quot;Toggle thumbnails&quot;,&quot;TOGGLE_SLIDESHOW&quot;:&quot;Toggle slideshow&quot;,&quot;TOGGLE_FULLSCREEN&quot;:&quot;Toggle full-screen mode&quot;},&quot;Images&quot;:{&quot;Panzoom&quot;:{&quot;maxScale&quot;:2}},&quot;mainClass&quot;:&quot;modula-fancybox-container modula-lightbox-jtg-2346&quot;,&quot;Html&quot;:{&quot;videoAutoplay&quot;:0,&quot;videoTpl&quot;:&quot;&lt;video class=\\&quot;fancybox__html5video\\&quot; controls muted playsinline controlsList controlsList=\\&quot;nodownload\\&quot; poster=\\&quot;{{poster}}\\&quot; src=\\&quot;{{src}}\\&quot; type=\\&quot;{{format}}\\&quot; &gt;  Sorry, your browser doesn&#039;t support embedded videos, &lt;a href=\\&quot;{{src}}\\&quot;&gt; download &lt;\\\/a&gt; and watch with your favorite video player! &lt;\\\/video&gt;&quot;}},&quot;inView&quot;:false,&quot;email_subject&quot;:&quot;Check out this awesome image !!&quot;,&quot;email_message&quot;:&quot;Here is the link to the image : %%image_link%% and this is the link to the gallery : %%gallery_link%%&quot;,&quot;grid_type&quot;:&quot;automatic&quot;,&quot;rowHeight&quot;:250,&quot;lastRow&quot;:&quot;justify&quot;,&quot;lightbox&quot;:&quot;fancybox&quot;}\">\n\n\t\n\t<div  class=\"modula-items grid-gallery\">\n\t\t<div class=\"modula-item effect-pufrobo\" >\n\t<div class=\"modula-item-overlay\"><\/div>\n\n\t<div class=\"modula-item-content\">\n\n\t\t<a data-image-id=\"2329\" role=\"button\" tabindex=\"0\" rel=\"jtg-2346\" data-caption=\"\" aria-label=\"Open image in lightbox\" class=\"tile-inner modula-item-link\"><\/a><img loading=\"lazy\" decoding=\"async\" class=\"pic wp-image-2329\"  data-valign=\"middle\" data-halign=\"center\" alt=\"\" data-full=\"https:\/\/www.anne-dasilva.com\/wp-content\/uploads\/FLEUR7.jpg\" title=\"FLEUR7\" crop=\"\" width=\"300\" height=\"200\" src=\"https:\/\/www.anne-dasilva.com\/wp-content\/uploads\/FLEUR7-300x200.jpg\" data-src=\"https:\/\/www.anne-dasilva.com\/wp-content\/uploads\/FLEUR7-300x200.jpg\" data-caption=\"\" srcset=\"https:\/\/www.anne-dasilva.com\/wp-content\/uploads\/FLEUR7-scaled.jpg 2560w, https:\/\/www.anne-dasilva.com\/wp-content\/uploads\/FLEUR7-scaled-300x200.jpg 300w, https:\/\/www.anne-dasilva.com\/wp-content\/uploads\/FLEUR7-700x467.jpg 700w, https:\/\/www.anne-dasilva.com\/wp-content\/uploads\/FLEUR7-768x512.jpg 768w, https:\/\/www.anne-dasilva.com\/wp-content\/uploads\/FLEUR7-1536x1024.jpg 1536w, https:\/\/www.anne-dasilva.com\/wp-content\/uploads\/FLEUR7-2048x1365.jpg 2048w, https:\/\/www.anne-dasilva.com\/wp-content\/uploads\/FLEUR7-800x533.jpg 800w\" sizes=\"auto, (max-width: 300px) 100vw, 300px\" \/>\n\t\t<div class=\"figc no-description\">\n\t\t\t<div class=\"figc-inner\">\n\t\t\t\t\t\t\t\t\t\t\t\t\t\t\t<\/div>\n\t\t<\/div>\n\n\t<\/div>\n\n<\/div><div class=\"modula-item effect-pufrobo\" >\n\t<div class=\"modula-item-overlay\"><\/div>\n\n\t<div class=\"modula-item-content\">\n\n\t\t<a data-image-id=\"2333\" role=\"button\" tabindex=\"0\" rel=\"jtg-2346\" data-caption=\"La nuit des for\u00eats\" aria-label=\"Open image in lightbox\" class=\"tile-inner modula-item-link\"><\/a><img loading=\"lazy\" decoding=\"async\" class=\"pic wp-image-2333\"  data-valign=\"middle\" data-halign=\"center\" alt=\"\" data-full=\"https:\/\/www.anne-dasilva.com\/wp-content\/uploads\/FLEUR.jpg\" title=\"FLEUR\" crop=\"\" width=\"300\" height=\"200\" src=\"https:\/\/www.anne-dasilva.com\/wp-content\/uploads\/FLEUR-300x200.jpg\" data-src=\"https:\/\/www.anne-dasilva.com\/wp-content\/uploads\/FLEUR-300x200.jpg\" data-caption=\"La nuit des for\u00eats\" srcset=\"https:\/\/www.anne-dasilva.com\/wp-content\/uploads\/FLEUR-scaled.jpg 2560w, https:\/\/www.anne-dasilva.com\/wp-content\/uploads\/FLEUR-scaled-300x200.jpg 300w, https:\/\/www.anne-dasilva.com\/wp-content\/uploads\/FLEUR-700x467.jpg 700w, https:\/\/www.anne-dasilva.com\/wp-content\/uploads\/FLEUR-768x512.jpg 768w, https:\/\/www.anne-dasilva.com\/wp-content\/uploads\/FLEUR-1536x1024.jpg 1536w, https:\/\/www.anne-dasilva.com\/wp-content\/uploads\/FLEUR-2048x1365.jpg 2048w, https:\/\/www.anne-dasilva.com\/wp-content\/uploads\/FLEUR-800x533.jpg 800w\" sizes=\"auto, (max-width: 300px) 100vw, 300px\" \/>\n\t\t<div class=\"figc\">\n\t\t\t<div class=\"figc-inner\">\n\t\t\t\t\t\t\t\t\t\t\t\t\t<div class=\"jtg-description\">La nuit des for\u00eats<\/div>\n\t\t\t\t\t\t\t\t\t\t\t<\/div>\n\t\t<\/div>\n\n\t<\/div>\n\n<\/div><div class=\"modula-item effect-pufrobo\" >\n\t<div class=\"modula-item-overlay\"><\/div>\n\n\t<div class=\"modula-item-content\">\n\n\t\t<a data-image-id=\"2340\" role=\"button\" tabindex=\"0\" rel=\"jtg-2346\" data-caption=\"\" aria-label=\"Open image in lightbox\" class=\"tile-inner modula-item-link\"><\/a><img loading=\"lazy\" decoding=\"async\" class=\"pic wp-image-2340\"  data-valign=\"middle\" data-halign=\"center\" alt=\"\" data-full=\"https:\/\/www.anne-dasilva.com\/wp-content\/uploads\/FLEUR10-1.jpg\" title=\"FLEUR10\" crop=\"\" width=\"300\" height=\"200\" src=\"https:\/\/www.anne-dasilva.com\/wp-content\/uploads\/FLEUR10-1-300x200.jpg\" data-src=\"https:\/\/www.anne-dasilva.com\/wp-content\/uploads\/FLEUR10-1-300x200.jpg\" data-caption=\"\" srcset=\"https:\/\/www.anne-dasilva.com\/wp-content\/uploads\/FLEUR10-1-scaled.jpg 2560w, https:\/\/www.anne-dasilva.com\/wp-content\/uploads\/FLEUR10-1-scaled-300x200.jpg 300w, https:\/\/www.anne-dasilva.com\/wp-content\/uploads\/FLEUR10-1-700x467.jpg 700w, https:\/\/www.anne-dasilva.com\/wp-content\/uploads\/FLEUR10-1-768x512.jpg 768w, https:\/\/www.anne-dasilva.com\/wp-content\/uploads\/FLEUR10-1-1536x1024.jpg 1536w, https:\/\/www.anne-dasilva.com\/wp-content\/uploads\/FLEUR10-1-2048x1365.jpg 2048w, https:\/\/www.anne-dasilva.com\/wp-content\/uploads\/FLEUR10-1-800x533.jpg 800w\" sizes=\"auto, (max-width: 300px) 100vw, 300px\" \/>\n\t\t<div class=\"figc no-description\">\n\t\t\t<div class=\"figc-inner\">\n\t\t\t\t\t\t\t\t\t\t\t\t\t\t\t<\/div>\n\t\t<\/div>\n\n\t<\/div>\n\n<\/div><div class=\"modula-item effect-pufrobo\" >\n\t<div class=\"modula-item-overlay\"><\/div>\n\n\t<div class=\"modula-item-content\">\n\n\t\t<a data-image-id=\"2327\" role=\"button\" tabindex=\"0\" rel=\"jtg-2346\" data-caption=\"\" aria-label=\"Open image in lightbox\" class=\"tile-inner modula-item-link\"><\/a><img loading=\"lazy\" decoding=\"async\" class=\"pic wp-image-2327\"  data-valign=\"middle\" data-halign=\"center\" alt=\"\" data-full=\"https:\/\/www.anne-dasilva.com\/wp-content\/uploads\/FLEUR9.jpg\" title=\"FLEUR9\" crop=\"\" width=\"300\" height=\"200\" src=\"https:\/\/www.anne-dasilva.com\/wp-content\/uploads\/FLEUR9-300x200.jpg\" data-src=\"https:\/\/www.anne-dasilva.com\/wp-content\/uploads\/FLEUR9-300x200.jpg\" data-caption=\"\" srcset=\"https:\/\/www.anne-dasilva.com\/wp-content\/uploads\/FLEUR9-scaled.jpg 2560w, https:\/\/www.anne-dasilva.com\/wp-content\/uploads\/FLEUR9-scaled-300x200.jpg 300w, https:\/\/www.anne-dasilva.com\/wp-content\/uploads\/FLEUR9-700x467.jpg 700w, https:\/\/www.anne-dasilva.com\/wp-content\/uploads\/FLEUR9-768x512.jpg 768w, https:\/\/www.anne-dasilva.com\/wp-content\/uploads\/FLEUR9-1536x1024.jpg 1536w, https:\/\/www.anne-dasilva.com\/wp-content\/uploads\/FLEUR9-2048x1365.jpg 2048w, https:\/\/www.anne-dasilva.com\/wp-content\/uploads\/FLEUR9-800x533.jpg 800w\" sizes=\"auto, (max-width: 300px) 100vw, 300px\" \/>\n\t\t<div class=\"figc no-description\">\n\t\t\t<div class=\"figc-inner\">\n\t\t\t\t\t\t\t\t\t\t\t\t\t\t\t<\/div>\n\t\t<\/div>\n\n\t<\/div>\n\n<\/div><div class=\"modula-item effect-pufrobo\" >\n\t<div class=\"modula-item-overlay\"><\/div>\n\n\t<div class=\"modula-item-content\">\n\n\t\t<a data-image-id=\"2334\" role=\"button\" tabindex=\"0\" rel=\"jtg-2346\" data-caption=\"\" aria-label=\"Open image in lightbox\" class=\"tile-inner modula-item-link\"><\/a><img loading=\"lazy\" decoding=\"async\" class=\"pic wp-image-2334\"  data-valign=\"middle\" data-halign=\"center\" alt=\"\" data-full=\"https:\/\/www.anne-dasilva.com\/wp-content\/uploads\/COQ10.jpg\" title=\"COQ10\" crop=\"\" width=\"300\" height=\"200\" src=\"https:\/\/www.anne-dasilva.com\/wp-content\/uploads\/COQ10-300x200.jpg\" data-src=\"https:\/\/www.anne-dasilva.com\/wp-content\/uploads\/COQ10-300x200.jpg\" data-caption=\"\" srcset=\"https:\/\/www.anne-dasilva.com\/wp-content\/uploads\/COQ10-scaled.jpg 2560w, https:\/\/www.anne-dasilva.com\/wp-content\/uploads\/COQ10-scaled-300x200.jpg 300w, https:\/\/www.anne-dasilva.com\/wp-content\/uploads\/COQ10-700x467.jpg 700w, https:\/\/www.anne-dasilva.com\/wp-content\/uploads\/COQ10-768x512.jpg 768w, https:\/\/www.anne-dasilva.com\/wp-content\/uploads\/COQ10-1536x1024.jpg 1536w, https:\/\/www.anne-dasilva.com\/wp-content\/uploads\/COQ10-2048x1365.jpg 2048w, https:\/\/www.anne-dasilva.com\/wp-content\/uploads\/COQ10-800x533.jpg 800w\" sizes=\"auto, (max-width: 300px) 100vw, 300px\" \/>\n\t\t<div class=\"figc no-description\">\n\t\t\t<div class=\"figc-inner\">\n\t\t\t\t\t\t\t\t\t\t\t\t\t\t\t<\/div>\n\t\t<\/div>\n\n\t<\/div>\n\n<\/div><div class=\"modula-item effect-pufrobo\" >\n\t<div class=\"modula-item-overlay\"><\/div>\n\n\t<div class=\"modula-item-content\">\n\n\t\t<a data-image-id=\"2335\" role=\"button\" tabindex=\"0\" rel=\"jtg-2346\" data-caption=\"\" aria-label=\"Open image in lightbox\" class=\"tile-inner modula-item-link\"><\/a><img loading=\"lazy\" decoding=\"async\" class=\"pic wp-image-2335\"  data-valign=\"middle\" data-halign=\"center\" alt=\"\" data-full=\"https:\/\/www.anne-dasilva.com\/wp-content\/uploads\/COQ8.jpg\" title=\"COQ8\" crop=\"\" width=\"200\" height=\"300\" src=\"https:\/\/www.anne-dasilva.com\/wp-content\/uploads\/COQ8-200x300.jpg\" data-src=\"https:\/\/www.anne-dasilva.com\/wp-content\/uploads\/COQ8-200x300.jpg\" data-caption=\"\" srcset=\"https:\/\/www.anne-dasilva.com\/wp-content\/uploads\/COQ8-scaled.jpg 1707w, https:\/\/www.anne-dasilva.com\/wp-content\/uploads\/COQ8-scaled-200x300.jpg 200w, https:\/\/www.anne-dasilva.com\/wp-content\/uploads\/COQ8-700x1050.jpg 700w, https:\/\/www.anne-dasilva.com\/wp-content\/uploads\/COQ8-768x1152.jpg 768w, https:\/\/www.anne-dasilva.com\/wp-content\/uploads\/COQ8-1024x1536.jpg 1024w, https:\/\/www.anne-dasilva.com\/wp-content\/uploads\/COQ8-1365x2048.jpg 1365w, https:\/\/www.anne-dasilva.com\/wp-content\/uploads\/COQ8-800x1200.jpg 800w\" sizes=\"auto, (max-width: 200px) 100vw, 200px\" \/>\n\t\t<div class=\"figc no-description\">\n\t\t\t<div class=\"figc-inner\">\n\t\t\t\t\t\t\t\t\t\t\t\t\t\t\t<\/div>\n\t\t<\/div>\n\n\t<\/div>\n\n<\/div><div class=\"modula-item effect-pufrobo\" >\n\t<div class=\"modula-item-overlay\"><\/div>\n\n\t<div class=\"modula-item-content\">\n\n\t\t<a data-image-id=\"2337\" role=\"button\" tabindex=\"0\" rel=\"jtg-2346\" data-caption=\"\" aria-label=\"Open image in lightbox\" class=\"tile-inner modula-item-link\"><\/a><img loading=\"lazy\" decoding=\"async\" class=\"pic wp-image-2337\"  data-valign=\"middle\" data-halign=\"center\" alt=\"\" data-full=\"https:\/\/www.anne-dasilva.com\/wp-content\/uploads\/COQ6.jpg\" title=\"COQ6\" crop=\"\" width=\"300\" height=\"200\" src=\"https:\/\/www.anne-dasilva.com\/wp-content\/uploads\/COQ6-300x200.jpg\" data-src=\"https:\/\/www.anne-dasilva.com\/wp-content\/uploads\/COQ6-300x200.jpg\" data-caption=\"\" srcset=\"https:\/\/www.anne-dasilva.com\/wp-content\/uploads\/COQ6-scaled.jpg 2560w, https:\/\/www.anne-dasilva.com\/wp-content\/uploads\/COQ6-scaled-300x200.jpg 300w, https:\/\/www.anne-dasilva.com\/wp-content\/uploads\/COQ6-700x467.jpg 700w, https:\/\/www.anne-dasilva.com\/wp-content\/uploads\/COQ6-768x512.jpg 768w, https:\/\/www.anne-dasilva.com\/wp-content\/uploads\/COQ6-1536x1024.jpg 1536w, https:\/\/www.anne-dasilva.com\/wp-content\/uploads\/COQ6-2048x1365.jpg 2048w, https:\/\/www.anne-dasilva.com\/wp-content\/uploads\/COQ6-800x533.jpg 800w\" sizes=\"auto, (max-width: 300px) 100vw, 300px\" \/>\n\t\t<div class=\"figc no-description\">\n\t\t\t<div class=\"figc-inner\">\n\t\t\t\t\t\t\t\t\t\t\t\t\t\t\t<\/div>\n\t\t<\/div>\n\n\t<\/div>\n\n<\/div><div class=\"modula-item effect-pufrobo\" >\n\t<div class=\"modula-item-overlay\"><\/div>\n\n\t<div class=\"modula-item-content\">\n\n\t\t<a data-image-id=\"2324\" role=\"button\" tabindex=\"0\" rel=\"jtg-2346\" data-caption=\"\" aria-label=\"Open image in lightbox\" class=\"tile-inner modula-item-link\"><\/a><img loading=\"lazy\" decoding=\"async\" class=\"pic wp-image-2324\"  data-valign=\"middle\" data-halign=\"center\" alt=\"\" data-full=\"https:\/\/www.anne-dasilva.com\/wp-content\/uploads\/RENARD2.jpg\" title=\"RENARD2\" crop=\"\" width=\"300\" height=\"237\" src=\"https:\/\/www.anne-dasilva.com\/wp-content\/uploads\/RENARD2-300x237.jpg\" data-src=\"https:\/\/www.anne-dasilva.com\/wp-content\/uploads\/RENARD2-300x237.jpg\" data-caption=\"\" srcset=\"https:\/\/www.anne-dasilva.com\/wp-content\/uploads\/RENARD2-scaled.jpg 2560w, https:\/\/www.anne-dasilva.com\/wp-content\/uploads\/RENARD2-scaled-300x237.jpg 300w, https:\/\/www.anne-dasilva.com\/wp-content\/uploads\/RENARD2-700x552.jpg 700w, https:\/\/www.anne-dasilva.com\/wp-content\/uploads\/RENARD2-768x606.jpg 768w, https:\/\/www.anne-dasilva.com\/wp-content\/uploads\/RENARD2-1536x1212.jpg 1536w, https:\/\/www.anne-dasilva.com\/wp-content\/uploads\/RENARD2-2048x1615.jpg 2048w, https:\/\/www.anne-dasilva.com\/wp-content\/uploads\/RENARD2-800x631.jpg 800w\" sizes=\"auto, (max-width: 300px) 100vw, 300px\" \/>\n\t\t<div class=\"figc no-description\">\n\t\t\t<div class=\"figc-inner\">\n\t\t\t\t\t\t\t\t\t\t\t\t\t\t\t<\/div>\n\t\t<\/div>\n\n\t<\/div>\n\n<\/div><div class=\"modula-item effect-pufrobo\" >\n\t<div class=\"modula-item-overlay\"><\/div>\n\n\t<div class=\"modula-item-content\">\n\n\t\t<a data-image-id=\"2325\" role=\"button\" tabindex=\"0\" rel=\"jtg-2346\" data-caption=\"\" aria-label=\"Open image in lightbox\" class=\"tile-inner modula-item-link\"><\/a><img loading=\"lazy\" decoding=\"async\" class=\"pic wp-image-2325\"  data-valign=\"middle\" data-halign=\"center\" alt=\"\" data-full=\"https:\/\/www.anne-dasilva.com\/wp-content\/uploads\/RENARD.jpg\" title=\"RENARD\" crop=\"\" width=\"300\" height=\"200\" src=\"https:\/\/www.anne-dasilva.com\/wp-content\/uploads\/RENARD-300x200.jpg\" data-src=\"https:\/\/www.anne-dasilva.com\/wp-content\/uploads\/RENARD-300x200.jpg\" data-caption=\"\" srcset=\"https:\/\/www.anne-dasilva.com\/wp-content\/uploads\/RENARD-scaled.jpg 2560w, https:\/\/www.anne-dasilva.com\/wp-content\/uploads\/RENARD-scaled-300x200.jpg 300w, https:\/\/www.anne-dasilva.com\/wp-content\/uploads\/RENARD-700x467.jpg 700w, https:\/\/www.anne-dasilva.com\/wp-content\/uploads\/RENARD-768x512.jpg 768w, https:\/\/www.anne-dasilva.com\/wp-content\/uploads\/RENARD-1536x1024.jpg 1536w, https:\/\/www.anne-dasilva.com\/wp-content\/uploads\/RENARD-2048x1365.jpg 2048w, https:\/\/www.anne-dasilva.com\/wp-content\/uploads\/RENARD-800x533.jpg 800w\" sizes=\"auto, (max-width: 300px) 100vw, 300px\" \/>\n\t\t<div class=\"figc no-description\">\n\t\t\t<div class=\"figc-inner\">\n\t\t\t\t\t\t\t\t\t\t\t\t\t\t\t<\/div>\n\t\t<\/div>\n\n\t<\/div>\n\n<\/div><div class=\"modula-item effect-pufrobo\" >\n\t<div class=\"modula-item-overlay\"><\/div>\n\n\t<div class=\"modula-item-content\">\n\n\t\t<a data-image-id=\"2323\" role=\"button\" tabindex=\"0\" rel=\"jtg-2346\" data-caption=\"\" aria-label=\"Open image in lightbox\" class=\"tile-inner modula-item-link\"><\/a><img loading=\"lazy\" decoding=\"async\" class=\"pic wp-image-2323\"  data-valign=\"middle\" data-halign=\"center\" alt=\"\" data-full=\"https:\/\/www.anne-dasilva.com\/wp-content\/uploads\/RENARD3.jpg\" title=\"RENARD3\" crop=\"\" width=\"300\" height=\"200\" src=\"https:\/\/www.anne-dasilva.com\/wp-content\/uploads\/RENARD3-300x200.jpg\" data-src=\"https:\/\/www.anne-dasilva.com\/wp-content\/uploads\/RENARD3-300x200.jpg\" data-caption=\"\" srcset=\"https:\/\/www.anne-dasilva.com\/wp-content\/uploads\/RENARD3-scaled.jpg 2560w, https:\/\/www.anne-dasilva.com\/wp-content\/uploads\/RENARD3-scaled-300x200.jpg 300w, https:\/\/www.anne-dasilva.com\/wp-content\/uploads\/RENARD3-700x467.jpg 700w, https:\/\/www.anne-dasilva.com\/wp-content\/uploads\/RENARD3-768x512.jpg 768w, https:\/\/www.anne-dasilva.com\/wp-content\/uploads\/RENARD3-1536x1024.jpg 1536w, https:\/\/www.anne-dasilva.com\/wp-content\/uploads\/RENARD3-2048x1365.jpg 2048w, https:\/\/www.anne-dasilva.com\/wp-content\/uploads\/RENARD3-800x533.jpg 800w\" sizes=\"auto, (max-width: 300px) 100vw, 300px\" \/>\n\t\t<div class=\"figc no-description\">\n\t\t\t<div class=\"figc-inner\">\n\t\t\t\t\t\t\t\t\t\t\t\t\t\t\t<\/div>\n\t\t<\/div>\n\n\t<\/div>\n\n<\/div>\t\t\n\t<\/div>\n\n\t\n\t\n\t<script type=\"application\/ld+json\">\n\t{\n\t\t\"@context\": \"https:\/\/schema.org\",\n\t\t\"@type\"   : \"ImageGallery\",\n\t\t\"id\"      : \"https:\/\/www.anne-dasilva.com\/?page_id=2347\/#modula-gallery-2346\",\n\t\t\"url\"     : \"https:\/\/www.anne-dasilva.com\/?page_id=2347\/\"\n\t}\n\n\t<\/script>\n\n\t\n<\/div>\n\n<p>&nbsp;<\/p>\n<p><em>\u00ab\u00a0Ils auront beau couper toutes les fleurs, ils n&rsquo;arr\u00eateront jamais le printemps\u00a0\u00bb<\/em> (Pablo Neruda) Installation &#8211; 50 fleurs en porcelaine \u00e9maill\u00e9s dans mare<br \/>\nboueuese &#8211; Festival La nuit des for\u00eats &#8211; Traon Nevez &#8211; 2025<\/p>\n<p><em>La revanche des renards<\/em> &#8211; 25 moulages de cr\u00e2ne de renard en gr\u00e8s \u00e9maill\u00e9<\/p>\n<p><em>Tant qu\u2019il y aura des for\u00eats profondes<\/em> &#8211; Coquillage en gr\u00e8s \u00e9maill\u00e9<\/p>\n<p>R\u00e9alis\u00e9es \u00e0 l\u2019occasion de La Nuit des for\u00eats, ces trois installations en c\u00e9ramique apparaissent au d\u00e9tour des chemins comme des pr\u00e9sences silencieuses, \u00e0 mi-chemin entre<br \/>\nvestige, apparition et trace.<br \/>\nDes fleurs de porcelaine immacul\u00e9e \u00e9mergent d\u2019une mare de boue, des coquillages \u00e9maill\u00e9s tapissent les anfractuosit\u00e9s d\u2019une paroi rocheuse, tandis que des cr\u00e2nes de renards,<br \/>\nteint\u00e9s des couleurs d\u2019un sous-sol charg\u00e9 d\u2019oxydes, se dressent \u00e0 l\u2019entr\u00e9e de terriers abandonn\u00e9s. Chaque forme semble \u00e0 la fois d\u00e9pos\u00e9e l\u00e0 et issue du lieu, comme si la for\u00eat<br \/>\nelle-m\u00eame avait fait affleurer ces images.<br \/>\nCes surgissements brouillent les fronti\u00e8res entre r\u00e8gnes min\u00e9ral, animal et v\u00e9g\u00e9tal, entre objet fa\u00e7onn\u00e9 et trace naturelle. Ils convoquent des temps entrem\u00eal\u00e9s : m\u00e9moire des<br \/>\nprofondeurs g\u00e9ologiques, survivances du monde sauvage, et signes fragiles d\u2019un futur incertain.<br \/>\nD\u00e9couvertes au fil de la marche, ces installations invitent \u00e0 percevoir la for\u00eat comme un espace habit\u00e9, travers\u00e9 de relations invisibles et de continuit\u00e9s troubl\u00e9es entre vivant,<br \/>\nmati\u00e8re et m\u00e9moire. Elles esquissent ainsi une forme d\u2019alliance ancienne \u2014 persistante mais vuln\u00e9rable \u2014 entre les \u00eatres, les sols et les gestes humains.<\/p>\n","protected":false},"excerpt":{"rendered":"<p>&nbsp; \u00ab\u00a0Ils auront beau couper toutes les fleurs, ils n&rsquo;arr\u00eateront jamais le printemps\u00a0\u00bb (Pablo Neruda) Installation &#8211; 50 fleurs en porcelaine \u00e9maill\u00e9s dans mare boueuese &#8211; Festival La nuit des for\u00eats &#8211; Traon Nevez &#8211; 2025 La revanche des renards &#8211; 25 moulages de cr\u00e2ne de renard en gr\u00e8s \u00e9maill\u00e9 Tant qu\u2019il y aura des&#8230;<\/p>\n","protected":false},"author":1,"featured_media":0,"parent":0,"menu_order":0,"comment_status":"closed","ping_status":"closed","template":"","meta":{"footnotes":""},"class_list":["post-2347","page","type-page","status-publish","hentry"],"_links":{"self":[{"href":"https:\/\/www.anne-dasilva.com\/index.php?rest_route=\/wp\/v2\/pages\/2347","targetHints":{"allow":["GET"]}}],"collection":[{"href":"https:\/\/www.anne-dasilva.com\/index.php?rest_route=\/wp\/v2\/pages"}],"about":[{"href":"https:\/\/www.anne-dasilva.com\/index.php?rest_route=\/wp\/v2\/types\/page"}],"author":[{"embeddable":true,"href":"https:\/\/www.anne-dasilva.com\/index.php?rest_route=\/wp\/v2\/users\/1"}],"replies":[{"embeddable":true,"href":"https:\/\/www.anne-dasilva.com\/index.php?rest_route=%2Fwp%2Fv2%2Fcomments&post=2347"}],"version-history":[{"count":1,"href":"https:\/\/www.anne-dasilva.com\/index.php?rest_route=\/wp\/v2\/pages\/2347\/revisions"}],"predecessor-version":[{"id":2348,"href":"https:\/\/www.anne-dasilva.com\/index.php?rest_route=\/wp\/v2\/pages\/2347\/revisions\/2348"}],"wp:attachment":[{"href":"https:\/\/www.anne-dasilva.com\/index.php?rest_route=%2Fwp%2Fv2%2Fmedia&parent=2347"}],"curies":[{"name":"wp","href":"https:\/\/api.w.org\/{rel}","templated":true}]}}