{"id":1631,"date":"2022-02-21T15:52:07","date_gmt":"2022-02-21T14:52:07","guid":{"rendered":"https:\/\/www.anne-dasilva.com\/?page_id=1631"},"modified":"2024-02-20T09:13:23","modified_gmt":"2024-02-20T08:13:23","slug":"entree-en-foret","status":"publish","type":"page","link":"https:\/\/www.anne-dasilva.com\/?page_id=1631","title":{"rendered":"Entr\u00e9e en for\u00eat"},"content":{"rendered":"<p><a href=\"https:\/\/www.anne-dasilva.com\/wp-content\/uploads\/Entree-en-foret-1.pdf\"><strong>Entr\u00e9e en for\u00eat<\/strong><\/a><\/p>\n<p>Texte et travail en cours.<\/p>\n<p>Ces recherches ont \u00e9t\u00e9 \u00e9crites lors d&rsquo;une r\u00e9sidence de trois semaines \u00e0 l&rsquo;association La belle \u00e9toile \u00e0 Grahy- Vals le Chastel &#8211;<\/p>\n<p>J&rsquo;ai arpent\u00e9, sans programme ni direction la for\u00eat qui couvre la vall\u00e9e, derri\u00e8re la maison.<\/p>\n<p>Ces notes, en cours qui font actuellement l&rsquo;objet d&rsquo;une r\u00e9\u00e9criture sont les pr\u00e9misses d&rsquo;une \u00ab\u00a0Entr\u00e9e en for\u00eat\u00a0\u00bb. D&rsquo;autres r\u00e9sidences en milieu forestiers sont envisag\u00e9es<\/p>\n","protected":false},"excerpt":{"rendered":"<p>Entr\u00e9e en for\u00eat Texte et travail en cours. Ces recherches ont \u00e9t\u00e9 \u00e9crites lors d&rsquo;une r\u00e9sidence de trois semaines \u00e0 l&rsquo;association La belle \u00e9toile \u00e0 Grahy- Vals le Chastel &#8211; J&rsquo;ai arpent\u00e9, sans programme ni direction la for\u00eat qui couvre la vall\u00e9e, derri\u00e8re la maison. Ces notes, en cours qui font actuellement l&rsquo;objet d&rsquo;une r\u00e9\u00e9criture&#8230;<\/p>\n","protected":false},"author":1,"featured_media":0,"parent":0,"menu_order":0,"comment_status":"closed","ping_status":"closed","template":"","meta":{"footnotes":""},"class_list":["post-1631","page","type-page","status-publish","hentry"],"_links":{"self":[{"href":"https:\/\/www.anne-dasilva.com\/index.php?rest_route=\/wp\/v2\/pages\/1631","targetHints":{"allow":["GET"]}}],"collection":[{"href":"https:\/\/www.anne-dasilva.com\/index.php?rest_route=\/wp\/v2\/pages"}],"about":[{"href":"https:\/\/www.anne-dasilva.com\/index.php?rest_route=\/wp\/v2\/types\/page"}],"author":[{"embeddable":true,"href":"https:\/\/www.anne-dasilva.com\/index.php?rest_route=\/wp\/v2\/users\/1"}],"replies":[{"embeddable":true,"href":"https:\/\/www.anne-dasilva.com\/index.php?rest_route=%2Fwp%2Fv2%2Fcomments&post=1631"}],"version-history":[{"count":3,"href":"https:\/\/www.anne-dasilva.com\/index.php?rest_route=\/wp\/v2\/pages\/1631\/revisions"}],"predecessor-version":[{"id":2055,"href":"https:\/\/www.anne-dasilva.com\/index.php?rest_route=\/wp\/v2\/pages\/1631\/revisions\/2055"}],"wp:attachment":[{"href":"https:\/\/www.anne-dasilva.com\/index.php?rest_route=%2Fwp%2Fv2%2Fmedia&parent=1631"}],"curies":[{"name":"wp","href":"https:\/\/api.w.org\/{rel}","templated":true}]}}

Entrée en forêt

<p><a href="https://www.anne-dasilva.com/wp-content/uploads/Entree-en-foret-1.pdf"><strong>Entrée en forêt</strong></a></p>
<p>Texte et travail en cours.</p>
<p>Ces recherches ont été écrites lors d&rsquo;une résidence de trois semaines à l&rsquo;association La belle étoile à Grahy- Vals le Chastel &#8211;</p>
<p>J&rsquo;ai arpenté, sans programme ni direction la forêt qui couvre la vallée, derrière la maison.</p>
<p>Ces notes, en cours qui font actuellement l&rsquo;objet d&rsquo;une réécriture sont les prémisses d&rsquo;une « Entrée en forêt ». D&rsquo;autres résidences en milieu forestiers sont envisagées</p>

<p>Entrée en forêt Texte et travail en cours. Ces recherches ont été écrites lors d&rsquo;une résidence de trois semaines à l&rsquo;association La belle étoile à Grahy- Vals le Chastel &#8211; J&rsquo;ai arpenté, sans programme ni direction la forêt qui couvre la vallée, derrière la maison. Ces notes, en cours qui font actuellement l&rsquo;objet d&rsquo;une réécriture&#8230;</p>
