{"id":1579,"date":"2021-09-07T14:56:51","date_gmt":"2021-09-07T13:56:51","guid":{"rendered":"https:\/\/www.anne-dasilva.com\/?page_id=1579"},"modified":"2022-11-08T21:12:56","modified_gmt":"2022-11-08T20:12:56","slug":"reliques","status":"publish","type":"page","link":"https:\/\/www.anne-dasilva.com\/?page_id=1579","title":{"rendered":"Reliques"},"content":{"rendered":"<p>L&rsquo;\u00e9pith\u00e8te <i>relique<\/i> vient du latin <i>reliquiae<\/i>, les restes, les survivants<sup id=\"cite_ref-1\" class=\"reference\"><\/sup>, du verbe <i>relinquere<\/i>, laisser derri\u00e8re soi. En biologie , une <b>esp\u00e8ce relique<\/b> est une esp\u00e8ce dont l&rsquo;aire de r\u00e9partition est tr\u00e8s limit\u00e9e en comparaison de sa dimension dans des temps plus anciens, ou qui t\u00e9moigne d&rsquo;un taxon plus diversifi\u00e9 et r\u00e9pandu dans le pass\u00e9 lointain.<\/p>\n<p>Ce travail, inspir\u00e9 des processus de fossilisation, explore le passage entre les r\u00e8gnes v\u00e9g\u00e9taux et min\u00e9raux. Les v\u00e9g\u00e9taux tremp\u00e9s dans du gr\u00e8s liquide sont mis \u00e0 cuire \u00e0 haute temp\u00e9rature sur un lit d\u2019\u00e9mail. Ne reste que l\u2019enveloppe, souvent fissur\u00e9e, des plantes carbonis\u00e9e.<\/p>\n<p>L\u2019herbier se min\u00e9ralise. L\u2019\u00e9ph\u00e9m\u00e8re est captur\u00e9, dans toute sa vuln\u00e9rabilit\u00e9.<\/p>\n<p>Ce travail est un hommage aux formes du vivant qui se rar\u00e9fient, un travail de m\u00e9moire, en m\u00eame temps qu\u2019une sorte de memento mori, m\u00e9taphore de la fragilit\u00e9 de la vie et de la vanit\u00e9 humaine.<\/p>\n<p>&nbsp;<\/p>\n<p><code id=\"envira_shortcode_1585\"><div  id=\"jtg-1807\" class=\"modula modula-gallery modula-columns\" data-config=\"{&quot;tabletHeight&quot;:0,&quot;mobileHeight&quot;:0,&quot;desktopHeight&quot;:0,&quot;enableTwitter&quot;:false,&quot;enableWhatsapp&quot;:false,&quot;enableFacebook&quot;:false,&quot;enablePinterest&quot;:false,&quot;enableLinkedin&quot;:false,&quot;enableEmail&quot;:false,&quot;randomFactor&quot;:0,&quot;type&quot;:&quot;grid&quot;,&quot;columns&quot;:12,&quot;gutter&quot;:10,&quot;mobileGutter&quot;:10,&quot;tabletGutter&quot;:10,&quot;desktopGutter&quot;:10,&quot;enableResponsive&quot;:&quot;0&quot;,&quot;tabletColumns&quot;:&quot;2&quot;,&quot;mobileColumns&quot;:&quot;1&quot;,&quot;lazyLoad&quot;:0,&quot;lightboxOpts&quot;:{&quot;animated&quot;:true,&quot;Thumbs&quot;:{&quot;type&quot;:&quot;modern&quot;,&quot;showOnStart&quot;:false},&quot;Toolbar&quot;:{&quot;display&quot;:{&quot;right&quot;:[&quot;close&quot;]},&quot;enabled&quot;:true},&quot;Carousel&quot;:{&quot;Panzoom&quot;:{&quot;touch&quot;:true},&quot;infinite&quot;:false},&quot;keyboard&quot;:{&quot;Escape&quot;:&quot;close&quot;,&quot;Delete&quot;:&quot;close&quot;,&quot;Backspace&quot;:&quot;close&quot;,&quot;PageUp&quot;:false,&quot;PageDown&quot;:false,&quot;ArrowUp&quot;:false,&quot;ArrowDown&quot;:false,&quot;ArrowRight&quot;:false,&quot;ArrowLeft&quot;:false},&quot;touch&quot;:false,&quot;backdropClick&quot;:false,&quot;l10n&quot;:{&quot;CLOSE&quot;:&quot;Close&quot;,&quot;NEXT&quot;:&quot;Next&quot;,&quot;PREV&quot;:&quot;Previous&quot;,&quot;Error&quot;:&quot;The requested content cannot be loaded. Please try again later.&quot;,&quot;PLAY_START&quot;:&quot;Start slideshow&quot;,&quot;PLAY_STOP&quot;:&quot;Pause slideshow&quot;,&quot;FULL_SCREEN&quot;:&quot;Full screen&quot;,&quot;THUMBS&quot;:&quot;Thumbnails&quot;,&quot;DOWNLOAD&quot;:&quot;Download&quot;,&quot;SHARE&quot;:&quot;Share&quot;,&quot;ZOOM&quot;:&quot;Zoom&quot;,&quot;EMAIL&quot;:&quot;Here is the link to the image : %%image_link%% and this is the link to the gallery : %%gallery_link%%&quot;,&quot;MODAL&quot;:&quot;You can close this modal content with the ESC key&quot;,&quot;ERROR&quot;:&quot;Something Went Wrong, Please Try Again Later&quot;,&quot;IMAGE_ERROR&quot;:&quot;Image Not Found&quot;,&quot;ELEMENT_NOT_FOUND&quot;:&quot;HTML Element Not Found&quot;,&quot;AJAX_NOT_FOUND&quot;:&quot;Error Loading AJAX : Not Found&quot;,&quot;AJAX_FORBIDDEN&quot;:&quot;Error Loading AJAX : Forbidden&quot;,&quot;IFRAME_ERROR&quot;:&quot;Error Loading Page&quot;,&quot;TOGGLE_ZOOM&quot;:&quot;Toggle zoom level&quot;,&quot;TOGGLE_THUMBS&quot;:&quot;Toggle thumbnails&quot;,&quot;TOGGLE_SLIDESHOW&quot;:&quot;Toggle slideshow&quot;,&quot;TOGGLE_FULLSCREEN&quot;:&quot;Toggle full-screen mode&quot;},&quot;Images&quot;:{&quot;Panzoom&quot;:{&quot;maxScale&quot;:2}},&quot;mainClass&quot;:&quot;modula-fancybox-container modula-lightbox-jtg-1807&quot;,&quot;Html&quot;:{&quot;videoAutoplay&quot;:0,&quot;videoTpl&quot;:&quot;&lt;video class=\\&quot;fancybox__html5video\\&quot; controls muted playsinline controlsList controlsList=\\&quot;nodownload\\&quot; poster=\\&quot;{{poster}}\\&quot; src=\\&quot;{{src}}\\&quot; type=\\&quot;{{format}}\\&quot; &gt;  Sorry, your browser doesn&#039;t support embedded videos, &lt;a href=\\&quot;{{src}}\\&quot;&gt; download &lt;\\\/a&gt; and watch with your favorite video player! &lt;\\\/video&gt;&quot;}},&quot;inView&quot;:false,&quot;email_subject&quot;:&quot;Check out this awesome image !!&quot;,&quot;email_message&quot;:&quot;Here is the link to the image : %%image_link%% and this is the link to the gallery : %%gallery_link%%&quot;,&quot;grid_type&quot;:&quot;2&quot;,&quot;rowHeight&quot;:0,&quot;lastRow&quot;:&quot;&quot;,&quot;lightbox&quot;:&quot;fancybox&quot;}\">\n\n\t<div class=\"modula-grid-sizer\"> <\/div>\n\t<div  class=\"modula-items grid-gallery\">\n\t\t<div class=\"modula-item effect-pufrobo\" >\n\t<div class=\"modula-item-overlay\"><\/div>\n\n\t<div class=\"modula-item-content\">\n\n\t\t<a data-image-id=\"1757\" role=\"button\" tabindex=\"0\" rel=\"jtg-1807\" data-caption=\"\" aria-label=\"Open image in lightbox\" class=\"tile-inner modula-item-link\"><\/a><img loading=\"lazy\" decoding=\"async\" class=\"pic wp-image-1757\"  data-valign=\"middle\" data-halign=\"center\" alt=\". .\" data-full=\"https:\/\/www.anne-dasilva.com\/wp-content\/uploads\/280744930_3227526870827457_2804626745307442167_n.jpg\" title=\"280744930_3227526870827457_2804626745307442167_n\" crop=\"\" width=\"1080\" height=\"851\" src=\"https:\/\/www.anne-dasilva.com\/wp-content\/uploads\/280744930_3227526870827457_2804626745307442167_n.jpg\" data-src=\"https:\/\/www.anne-dasilva.com\/wp-content\/uploads\/280744930_3227526870827457_2804626745307442167_n.jpg\" data-caption=\"\" srcset=\"https:\/\/www.anne-dasilva.com\/wp-content\/uploads\/280744930_3227526870827457_2804626745307442167_n.jpg 1080w, https:\/\/www.anne-dasilva.com\/wp-content\/uploads\/280744930_3227526870827457_2804626745307442167_n-300x236.jpg 300w, https:\/\/www.anne-dasilva.com\/wp-content\/uploads\/280744930_3227526870827457_2804626745307442167_n-700x552.jpg 700w, https:\/\/www.anne-dasilva.com\/wp-content\/uploads\/280744930_3227526870827457_2804626745307442167_n-768x605.jpg 768w, https:\/\/www.anne-dasilva.com\/wp-content\/uploads\/280744930_3227526870827457_2804626745307442167_n-800x630.jpg 800w\" sizes=\"auto, (max-width: 1080px) 100vw, 1080px\" \/>\n\t\t<div class=\"figc no-description\">\n\t\t\t<div class=\"figc-inner\">\n\t\t\t\t\t\t\t\t\t\t\t\t\t\t\t<\/div>\n\t\t<\/div>\n\n\t<\/div>\n\n<\/div><div class=\"modula-item effect-pufrobo\" >\n\t<div class=\"modula-item-overlay\"><\/div>\n\n\t<div class=\"modula-item-content\">\n\n\t\t<a data-image-id=\"1741\" role=\"button\" tabindex=\"0\" rel=\"jtg-1807\" data-caption=\"\" aria-label=\"Open image in lightbox\" class=\"tile-inner modula-item-link\"><\/a><img loading=\"lazy\" decoding=\"async\" class=\"pic wp-image-1741\"  data-valign=\"middle\" data-halign=\"center\" alt=\". .\" data-full=\"https:\/\/www.anne-dasilva.com\/wp-content\/uploads\/305885136_3322948887951921_3723276030787892460_n.jpg\" title=\"305885136_3322948887951921_3723276030787892460_n\" crop=\"\" width=\"1365\" height=\"2048\" src=\"https:\/\/www.anne-dasilva.com\/wp-content\/uploads\/305885136_3322948887951921_3723276030787892460_n.jpg\" data-src=\"https:\/\/www.anne-dasilva.com\/wp-content\/uploads\/305885136_3322948887951921_3723276030787892460_n.jpg\" data-caption=\"\" srcset=\"https:\/\/www.anne-dasilva.com\/wp-content\/uploads\/305885136_3322948887951921_3723276030787892460_n.jpg 1365w, https:\/\/www.anne-dasilva.com\/wp-content\/uploads\/305885136_3322948887951921_3723276030787892460_n-200x300.jpg 200w, https:\/\/www.anne-dasilva.com\/wp-content\/uploads\/305885136_3322948887951921_3723276030787892460_n-700x1050.jpg 700w, https:\/\/www.anne-dasilva.com\/wp-content\/uploads\/305885136_3322948887951921_3723276030787892460_n-768x1152.jpg 768w, https:\/\/www.anne-dasilva.com\/wp-content\/uploads\/305885136_3322948887951921_3723276030787892460_n-1024x1536.jpg 1024w, https:\/\/www.anne-dasilva.com\/wp-content\/uploads\/305885136_3322948887951921_3723276030787892460_n-800x1200.jpg 800w\" sizes=\"auto, (max-width: 1365px) 100vw, 1365px\" \/>\n\t\t<div class=\"figc no-description\">\n\t\t\t<div class=\"figc-inner\">\n\t\t\t\t\t\t\t\t\t\t\t\t\t\t\t<\/div>\n\t\t<\/div>\n\n\t<\/div>\n\n<\/div><div class=\"modula-item effect-pufrobo\" >\n\t<div class=\"modula-item-overlay\"><\/div>\n\n\t<div class=\"modula-item-content\">\n\n\t\t<a data-image-id=\"1743\" role=\"button\" tabindex=\"0\" rel=\"jtg-1807\" data-caption=\"\" aria-label=\"Open image in lightbox\" class=\"tile-inner modula-item-link\"><\/a><img loading=\"lazy\" decoding=\"async\" class=\"pic wp-image-1743\"  data-valign=\"middle\" data-halign=\"center\" alt=\". .\" data-full=\"https:\/\/www.anne-dasilva.com\/wp-content\/uploads\/305649287_3322948844618592_41346859343412904_n.jpg\" title=\"305649287_3322948844618592_41346859343412904_n\" crop=\"\" width=\"1364\" height=\"1637\" src=\"https:\/\/www.anne-dasilva.com\/wp-content\/uploads\/305649287_3322948844618592_41346859343412904_n.jpg\" data-src=\"https:\/\/www.anne-dasilva.com\/wp-content\/uploads\/305649287_3322948844618592_41346859343412904_n.jpg\" data-caption=\"\" srcset=\"https:\/\/www.anne-dasilva.com\/wp-content\/uploads\/305649287_3322948844618592_41346859343412904_n.jpg 1364w, https:\/\/www.anne-dasilva.com\/wp-content\/uploads\/305649287_3322948844618592_41346859343412904_n-250x300.jpg 250w, https:\/\/www.anne-dasilva.com\/wp-content\/uploads\/305649287_3322948844618592_41346859343412904_n-700x840.jpg 700w, https:\/\/www.anne-dasilva.com\/wp-content\/uploads\/305649287_3322948844618592_41346859343412904_n-768x922.jpg 768w, https:\/\/www.anne-dasilva.com\/wp-content\/uploads\/305649287_3322948844618592_41346859343412904_n-1280x1536.jpg 1280w, https:\/\/www.anne-dasilva.com\/wp-content\/uploads\/305649287_3322948844618592_41346859343412904_n-800x960.jpg 800w\" sizes=\"auto, (max-width: 1364px) 100vw, 1364px\" \/>\n\t\t<div class=\"figc no-description\">\n\t\t\t<div class=\"figc-inner\">\n\t\t\t\t\t\t\t\t\t\t\t\t\t\t\t<\/div>\n\t\t<\/div>\n\n\t<\/div>\n\n<\/div><div class=\"modula-item effect-pufrobo\" >\n\t<div class=\"modula-item-overlay\"><\/div>\n\n\t<div class=\"modula-item-content\">\n\n\t\t<a data-image-id=\"1562\" role=\"button\" tabindex=\"0\" rel=\"jtg-1807\" data-caption=\"\" aria-label=\"Open image in lightbox\" class=\"tile-inner modula-item-link\"><\/a><img loading=\"lazy\" decoding=\"async\" class=\"pic wp-image-1562\"  data-valign=\"middle\" data-halign=\"center\" alt=\"\" data-full=\"https:\/\/www.anne-dasilva.com\/wp-content\/uploads\/memento2.jpg\" title=\"memento2\" crop=\"\" width=\"1920\" height=\"1450\" src=\"https:\/\/www.anne-dasilva.com\/wp-content\/uploads\/memento2.jpg\" data-src=\"https:\/\/www.anne-dasilva.com\/wp-content\/uploads\/memento2.jpg\" data-caption=\"\" srcset=\"https:\/\/www.anne-dasilva.com\/wp-content\/uploads\/memento2.jpg 1920w, https:\/\/www.anne-dasilva.com\/wp-content\/uploads\/memento2-300x227.jpg 300w, https:\/\/www.anne-dasilva.com\/wp-content\/uploads\/memento2-700x529.jpg 700w, https:\/\/www.anne-dasilva.com\/wp-content\/uploads\/memento2-768x580.jpg 768w, https:\/\/www.anne-dasilva.com\/wp-content\/uploads\/memento2-1536x1160.jpg 1536w, https:\/\/www.anne-dasilva.com\/wp-content\/uploads\/memento2-800x604.jpg 800w, https:\/\/www.anne-dasilva.com\/wp-content\/uploads\/memento2-80x60.jpg 80w\" sizes=\"auto, (max-width: 1920px) 100vw, 1920px\" \/>\n\t\t<div class=\"figc no-description\">\n\t\t\t<div class=\"figc-inner\">\n\t\t\t\t\t\t\t\t\t\t\t\t\t\t\t<\/div>\n\t\t<\/div>\n\n\t<\/div>\n\n<\/div><div class=\"modula-item effect-pufrobo\" >\n\t<div class=\"modula-item-overlay\"><\/div>\n\n\t<div class=\"modula-item-content\">\n\n\t\t<a data-image-id=\"1656\" role=\"button\" tabindex=\"0\" rel=\"jtg-1807\" data-caption=\"\" aria-label=\"Open image in lightbox\" class=\"tile-inner modula-item-link\"><\/a><img loading=\"lazy\" decoding=\"async\" class=\"pic wp-image-1656\"  data-valign=\"middle\" data-halign=\"center\" alt=\"\" data-full=\"https:\/\/www.anne-dasilva.com\/wp-content\/uploads\/bourgeons-1.jpg\" title=\"bourgeons\" crop=\"\" width=\"1080\" height=\"1622\" src=\"https:\/\/www.anne-dasilva.com\/wp-content\/uploads\/bourgeons-1.jpg\" data-src=\"https:\/\/www.anne-dasilva.com\/wp-content\/uploads\/bourgeons-1.jpg\" data-caption=\"\" srcset=\"https:\/\/www.anne-dasilva.com\/wp-content\/uploads\/bourgeons-1.jpg 1080w, https:\/\/www.anne-dasilva.com\/wp-content\/uploads\/bourgeons-1-200x300.jpg 200w, https:\/\/www.anne-dasilva.com\/wp-content\/uploads\/bourgeons-1-700x1051.jpg 700w, https:\/\/www.anne-dasilva.com\/wp-content\/uploads\/bourgeons-1-768x1153.jpg 768w, https:\/\/www.anne-dasilva.com\/wp-content\/uploads\/bourgeons-1-1023x1536.jpg 1023w, https:\/\/www.anne-dasilva.com\/wp-content\/uploads\/bourgeons-1-800x1201.jpg 800w\" sizes=\"auto, (max-width: 1080px) 100vw, 1080px\" \/>\n\t\t<div class=\"figc no-description\">\n\t\t\t<div class=\"figc-inner\">\n\t\t\t\t\t\t\t\t\t\t\t\t\t\t\t<\/div>\n\t\t<\/div>\n\n\t<\/div>\n\n<\/div><div class=\"modula-item effect-pufrobo\" >\n\t<div class=\"modula-item-overlay\"><\/div>\n\n\t<div class=\"modula-item-content\">\n\n\t\t<a data-image-id=\"1597\" role=\"button\" tabindex=\"0\" rel=\"jtg-1807\" data-caption=\"\" aria-label=\"Open image in lightbox\" class=\"tile-inner modula-item-link\"><\/a><img loading=\"lazy\" decoding=\"async\" class=\"pic wp-image-1597\"  data-valign=\"middle\" data-halign=\"center\" alt=\"\" data-full=\"https:\/\/www.anne-dasilva.com\/wp-content\/uploads\/p2.jpg\" title=\"p2\" crop=\"\" width=\"1440\" height=\"2560\" src=\"https:\/\/www.anne-dasilva.com\/wp-content\/uploads\/p2.jpg\" data-src=\"https:\/\/www.anne-dasilva.com\/wp-content\/uploads\/p2.jpg\" data-caption=\"\" srcset=\"https:\/\/www.anne-dasilva.com\/wp-content\/uploads\/p2-scaled.jpg 1440w, https:\/\/www.anne-dasilva.com\/wp-content\/uploads\/p2-169x300.jpg 169w, https:\/\/www.anne-dasilva.com\/wp-content\/uploads\/p2-700x1244.jpg 700w, https:\/\/www.anne-dasilva.com\/wp-content\/uploads\/p2-768x1365.jpg 768w, https:\/\/www.anne-dasilva.com\/wp-content\/uploads\/p2-864x1536.jpg 864w, https:\/\/www.anne-dasilva.com\/wp-content\/uploads\/p2-1152x2048.jpg 1152w, https:\/\/www.anne-dasilva.com\/wp-content\/uploads\/p2-800x1422.jpg 800w\" sizes=\"auto, (max-width: 1440px) 100vw, 1440px\" \/>\n\t\t<div class=\"figc no-description\">\n\t\t\t<div class=\"figc-inner\">\n\t\t\t\t\t\t\t\t\t\t\t\t\t\t\t<\/div>\n\t\t<\/div>\n\n\t<\/div>\n\n<\/div>\t\t\n\t<\/div>\n\n\t\n\t\n\t<script type=\"application\/ld+json\">\n\t{\n\t\t\"@context\": \"https:\/\/schema.org\",\n\t\t\"@type\"   : \"ImageGallery\",\n\t\t\"id\"      : \"https:\/\/www.anne-dasilva.com\/?page_id=1579\/#modula-gallery-1807\",\n\t\t\"url\"     : \"https:\/\/www.anne-dasilva.com\/?page_id=1579\/\"\n\t}\n\n\t<\/script>\n\n\t\n<\/div>\n<\/code><\/p>\n<p>&nbsp;<\/p>\n","protected":false},"excerpt":{"rendered":"<p>L&rsquo;\u00e9pith\u00e8te relique vient du latin reliquiae, les restes, les survivants, du verbe relinquere, laisser derri\u00e8re soi. En biologie , une esp\u00e8ce relique est une esp\u00e8ce dont l&rsquo;aire de r\u00e9partition est tr\u00e8s limit\u00e9e en comparaison de sa dimension dans des temps plus anciens, ou qui t\u00e9moigne d&rsquo;un taxon plus diversifi\u00e9 et r\u00e9pandu dans le pass\u00e9 lointain&#8230;.<\/p>\n","protected":false},"author":1,"featured_media":0,"parent":1316,"menu_order":0,"comment_status":"closed","ping_status":"closed","template":"","meta":{"footnotes":""},"class_list":["post-1579","page","type-page","status-publish","hentry"],"_links":{"self":[{"href":"https:\/\/www.anne-dasilva.com\/index.php?rest_route=\/wp\/v2\/pages\/1579","targetHints":{"allow":["GET"]}}],"collection":[{"href":"https:\/\/www.anne-dasilva.com\/index.php?rest_route=\/wp\/v2\/pages"}],"about":[{"href":"https:\/\/www.anne-dasilva.com\/index.php?rest_route=\/wp\/v2\/types\/page"}],"author":[{"embeddable":true,"href":"https:\/\/www.anne-dasilva.com\/index.php?rest_route=\/wp\/v2\/users\/1"}],"replies":[{"embeddable":true,"href":"https:\/\/www.anne-dasilva.com\/index.php?rest_route=%2Fwp%2Fv2%2Fcomments&post=1579"}],"version-history":[{"count":3,"href":"https:\/\/www.anne-dasilva.com\/index.php?rest_route=\/wp\/v2\/pages\/1579\/revisions"}],"predecessor-version":[{"id":1723,"href":"https:\/\/www.anne-dasilva.com\/index.php?rest_route=\/wp\/v2\/pages\/1579\/revisions\/1723"}],"up":[{"embeddable":true,"href":"https:\/\/www.anne-dasilva.com\/index.php?rest_route=\/wp\/v2\/pages\/1316"}],"wp:attachment":[{"href":"https:\/\/www.anne-dasilva.com\/index.php?rest_route=%2Fwp%2Fv2%2Fmedia&parent=1579"}],"curies":[{"name":"wp","href":"https:\/\/api.w.org\/{rel}","templated":true}]}}